32?
-22122234
In base 12, what is 185 - -67913?
67a98
In base 4, what is -11103302001322 + -3?
-11103302001331
In base 14, what is 6 - 43d86d8?
-43d86d2
In base 3, what is -10220 - 1102122222120?
-1102200010110
In base 15, what is 150 + -1622c8?
-162178
In base 14, what is -8b4dd1 + a?
-8b4dc5
In base 6, what is -1100510205 - 2?
-1100510211
In base 13, what is 13a79a - 1a?
13a780
In base 3, what is -101212111 - 211021200?
-1020011011
In base 3, what is 100 + 101201122110020?
101201122110120
In base 11, what is 1627 - -23509?
25035
In base 10, what is -1749 + -1181?
-2930
In base 5, what is -22143 + -2424211?
-3001404
In base 7, what is -3664 + 1205533?
1201536
In base 15, what is -5 - 41b59d?
-41b5a3
In base 11, what is 15 + -220554?
-22053a
In base 15, what is 1 + 36890c?
36890d
In base 6, what is 5 + 4520332?
4520341
In base 11, what is -281609 + -117?
-281725
In base 9, what is -17480180 + 3?
-17480176
In base 4, what is -11 + -122030022231?
-122030022302
In base 15, what is ee023 - 3?
ee020
In base 8, what is 1373 + 1202401?
1203774
In base 11, what is 2883 + -36797?
-33a14
In base 15, what is -22 + d4843?
d4821
In base 14, what is -21278c - 2?
-212790
In base 8, what is -12203 - 100?
-12303
In base 9, what is -11 - -2310760?
2310748
In base 3, what is -110 - -102212010210122?
102212010210012
In base 2, what is -110 - -1100111000111010?
1100111000110100
In base 12, what is -306025 + -27?
-306050
In base 2, what is 1001000101111101 + -110010?
1001000101001011
In base 7, what is 110525333 + 25?
110525361
In base 13, what is -38c72 + 1c9b?
-36ca4
In base 14, what is -83 - 28154?
-281d7
In base 7, what is -50 + -1341151?
-1341231
In base 2, what is 1 + 11001011000000110101011?
11001011000000110101100
In base 14, what is 3c65898 - -12?
3c658aa
In base 11, what is 2 - -19903739?
19903740
In base 3, what is -10111122022 + 11020?
-10111111002
In base 12, what is -319a05 + 1?
-319a04
In base 14, what is -37971 + 13?
-3795c
In base 12, what is -4581b84 - -12?
-4581b72
In base 7, what is 514 + 542216?
543033
In base 16, what is -173193 + -4?
-173197
In base 3, what is 1221212210020 + 1202222?
1221221120012
In base 5, what is -132 - 3304144232?
-3304144414
In base 5, what is -3340 + -1223440?
-1232330
In base 12, what is -26a + -344?
-5b2
In base 9, what is -2835114 + -33?
-2835147
In base 5, what is 1 + 2024424122?
2024424123
In base 8, what is 22 + -614451?
-614427
In base 8, what is 4367233 - -30?
4367263
In base 8, what is 50 - -40324311?
40324361
In base 10, what is 3390 + -83212?
-79822
In base 12, what is 76 + 924?
99a
In base 12, what is -b - 381231?
-381240
In base 13, what is -4c + 151b24?
151aa5
In base 9, what is -40004 - -282?
-38612
In base 4, what is -212130102 - -130102?
-212000000
In base 9, what is 280452 - -176?
280638
In base 5, what is -14111 + -2243024?
-2312140
In base 2, what is 100101111100100101 + 101111?
100101111101010100
In base 6, what is -2 - -124333430?
124333424
In base 2, what is -1000101010010000111010 - -11011?
-1000101010010000011111
In base 11, what is 3 + -a161654?
-a161651
In base 14, what is -7ab36a + -2d?
-7ab399
In base 16, what is 5 - -5f187d3?
5f187d8
In base 14, what is -b4ba - -13c?
-b37c
In base 5, what is -11232 - 31031?
-42313
In base 15, what is 54 + -278aa?
-27856
In base 5, what is 20312303423 - 3?
20312303420
In base 9, what is -382378 + 45?
-382333
In base 10, what is 4399838 - -84?
4399922
In base 15, what is -c2e6b3 - -2?
-c2e6b1
In base 3, what is -2 - 11221210011212?
-11221210011221
In base 12, what is 15169903 + 0?
15169903
In base 10, what is 362929 - -31?
362960
In base 5, what is -3223311011 - -1?
-3223311010
In base 7, what is 325064 - 14055?
311006
In base 6, what is -4 + -523220512?
-523220520
In base 5, what is -2 + -114043040342?
-114043040344
In base 12, what is 17079294 - -2?
17079296
In base 13, what is 1633753 - 25?
163372b
In base 4, what is -12222101020 - 31?
-12222101111
In base 15, what is -366 - -1a671c?
1a63a6
In base 10, what is -615014 - 22?
-615036
In base 3, what is 0 + -1000122121012012021?
-1000122121012012021
In base 12, what is -2 + -65770a8?
-65770aa
In base 9, what is -1 + -52126644?
-52126645
In base 14, what is 16 + -9d1ad?
-9d197
In base 7, what is -56 - -2124566?
2124510
In base 13, what is -6 - 46509b?
-4650a4
In base 12, what is -5158 + 108?
-5050
In base 11, what is -35a5149 - -17?
-35a5132
In base 16, what is -2156aa3 - -2?
-2156aa1
In base 12, what is 147bb8 - -72?
14806a
In base 4, what is 3 + 30303122313?
30303122322
In base 3, what is 22222000222011 - 2002?
22222000220002
In base 11, what is 17 - 71a72?
-71a56
In base 7, what is -30314440444 + -2?
-30314440446
In base 4, what is 220233 - -301201131?
302022030
In base 10, what is 0 - 20413904?
-20413904
In base 11, what is 28a9 - 9367?
-6569
In base 9, what is 1 - -6735481?
6735482
In base 9, what is 11822 - 24160?
-12237
In base 12, what is 0 + 1b6601a4?
1b6601a4
In base 12, what is -1a + b1b44?
b1b26
In base 15, what is -318 + -eac8?
-ede1
In base 14, what is -3 + -19c11b0a?
-19c11b0d
In base 2, what is 1101 + 101111011100101101010?
101111011100101110111
In base 2, what is -11101100001110000111100 + -11101?
-11101100001110001011001
In base 3, what is -1011121222222 + -100220?
-1011122100212
In base 13, what is -8374b - 888?
-84306
In base 12, what is -620 + 121ba0?
121580
In base 10, what is 2 + 4669100?
4669102
In base 4, what is 303001 + -13003333?
-12100332
In base 14, what is -9 - 13b6800?
-13b6809
In base 6, what is 3441 - 10403?
-2522
In base 2, what is -10 + -1001100100111000111110010?
-1001100100111000111110100
In base 10, what is -3 + -24736798?
-24736801
In base 3, what is -11220 + -20221000212?
-20221012202
In base 15, what is 336c + -2b8?
30a4
In base 6, what is -24045142 - -5?
-24045133
In base 11, what is 568416 - 321?
5680a5
In base 12, what is 136b - -1a04?
3173
In base 16, what is a159b + 10d?
a16a8
In base 13, what is -91c0b5 - 3?
-91c0b8
In base 3, what is -220 + 21221002221122?
21221002220202
In base 6, what is 12452 - -354455?
411351
In base 6, what is -4200515315 + 5?
-4200515310
In base 13, what is -64 + -24601?
-24665
In base 2, what is 11 - 1100111001100101111000001?
-1100111001100101110111110
In base 14, what is -3b + -187803?
-187840
In base 4, what is 1001 - 31033322?
-31032321
In base 2, what is 101 - -101110101101111000100001100?
101110101101111000100010001
In base 11, what is 35 - -1217485?
121750a
In base 5, what is 10 + -244034010?
-244034000
In base 3, what is -102 + -102021112212?
-102021120021
In base 16, what is -1cdd16 + 10?
-1cdd06
In base 12, what is -b5446 + -58?
-b54a2
In base 11, what is -72a80 + -27?
-72aa7
In base 10, what is 193667 + -7068?
186599
In base 6, what is -12 - -11051040?
11051024
In base 10, what is 3 + 1424152?
1424155
In base 2, what is -10000100000000100011001100110 - 0?
-10000100000000100011001100110
In base 5, what is -34434 - 23302230?
-23342214
In base 16, what is -15c5005 - 17?
-15c501c
In base 14, what is -5 - 48641a?
-486421
In base 4, what is -310303012312 + -2?
-310303012320
In base 15, what is -13bb + 28bb?
1500
In base 4, what is 10213 - -1213112?
1223331
In base 7, what is 45656 + -12066?
33560
In base 6, what is 511540 - 3325?
504211
In base 4, what is -1 + -2001130020330?
-2001130020331
In base 10, what is -90 - -1737048?
1736958
In base 12, what is a6978a01 - -4?
a6978a05
In base 16, what is f45 + 554?
1499
In base 10, what is 25300 - -15724?
41024
In base 5, what is 143101443 - 20123?
143031320
In base 7, what is -4164 - -244225?
240031
In base 5, what is -4 + 2304132221?
2304132212
In base 7, what is -205166036 + 163?
-205165543
In base 10, what is 1 - 2450898?
-2450897
In base 12, what is -99a00 - -174?
-99848
In base 12, what is -20 + a91919?
a918b9
In base 11, what is -513 - -17730?
17218
In base 3, what is -101 - 101112212021010?
-101112212021111
In base 6, what is -3013 - 2531210?
-2534223
In base 4, what is 112003 + 33103310?
33221313
In base 2, what is -11111001110001010101 + -11001?
-11111001110001101110
In base 12, what is -13 - -6431293?
6431280
In base 3, what is 12012022 + -211022?
11101000
In base 16, what is 29 - -4af92?
4afbb
In base 4, what is 32033 - -110312000?
111010033
In base 9, what is -626 + 447753